 279485?
4
What is the millions digit of 2106915?
2
What is the thousands digit of 3070712?
0
What is the tens digit of 496229?
2
What is the ten thousands digit of 3543974?
4
What is the tens digit of 110534?
3
What is the units digit of 92058?
8
What is the thousands digit of 5482639?
2
What is the units digit of 2480847?
7
What is the millions digit of 13510258?
3
What is the units digit of 476127?
7
What is the ten thousands digit of 106631?
0
What is the units digit of 2965388?
8
What is the hundreds digit of 1549556?
5
What is the ten thousands digit of 957128?
5
What is the tens digit of 668225?
2
What is the units digit of 170022?
2
What is the units digit of 3980982?
2
What is the tens digit of 20856232?
3
What is the tens digit of 285447?
4
What is the hundred thousands digit of 523607?
5
What is the hundreds digit of 363839?
8
What is the hundred thousands digit of 613718?
6
What is the ten thousands digit of 546235?
4
What is the hundreds digit of 922593?
5
What is the units digit of 133923?
3
What is the units digit of 375238?
8
What is the hundreds digit of 2924872?
8
What is the thousands digit of 113756?
3
What is the units digit of 2133?
3
What is the thousands digit of 837975?
7
What is the hundred thousands digit of 736229?
7
What is the tens digit of 2085832?
3
What is the ten thousands digit of 17230948?
3
What is the tens digit of 474559?
5
What is the tens digit of 4100746?
4
What is the hundreds digit of 6139590?
5
What is the thousands digit of 2345173?
5
What is the ten thousands digit of 16989580?
8
What is the hundred thousands digit of 3122540?
1
What is the hundreds digit of 76004?
0
What is the hundreds digit of 4858613?
6
What is the thousands digit of 105697?
5
What is the hundred thousands digit of 280716?
2
What is the hundreds digit of 6394740?
7
What is the ten thousands digit of 136402?
3
What is the thousands digit of 221822?
1
What is the thousands digit of 74852?
4
What is the millions digit of 35333881?
5
What is the millions digit of 6201605?
6
What is the thousands digit of 772100?
2
What is the millions digit of 1721408?
1
What is the ten thousands digit of 16243337?
4
What is the ten thousands digit of 214221?
1
What is the ten thousands digit of 1530498?
3
What is the hundreds digit of 9897431?
4
What is the tens digit of 9958484?
8
What is the units digit of 252228?
8
What is the tens digit of 3583227?
2
What is the tens digit of 3750516?
1
What is the hundreds digit of 1966246?
2
What is the thousands digit of 104992?
4
What is the tens digit of 414965?
6
What is the tens digit of 159155?
5
What is the units digit of 3353873?
3
What is the hundred thousands digit of 9856583?
8
What is the millions digit of 12039650?
2
What is the units digit of 3718993?
3
What is the millions digit of 4974558?
4
What is the units digit of 141179?
9
What is the thousands digit of 405747?
5
What is the thousands digit of 133753?
3
What is the ten thousands digit of 10381531?
8
What is the hundreds digit of 352017?
0
What is the hundreds digit of 3109654?
6
What is the hundred thousands digit of 199258?
1
What is the units digit of 4081086?
6
What is the thousands digit of 8656797?
6
What is the tens digit of 9803666?
6
What is the ten thousands digit of 2646535?
4
What is the hundreds digit of 429125?
1
What is the ten thousands digit of 772366?
7
What is the tens digit of 3245188?
8
What is the units digit of 186509?
9
What is the hundred thousands digit of 374266?
3
What is the units digit of 4228561?
1
What is the ten thousands digit of 5139817?
3
What is the tens digit of 7692381?
8
What is the ten thousands digit of 419805?
1
What is the hundreds digit of 251864?
8
What is the units digit of 758325?
5
What is the hundred thousands digit of 214039?
2
What is the hundreds digit of 10491411?
4
What is the hundred thousands digit of 654202?
6
What is the millions digit of 2417720?
2
What is the thousands digit of 891025?
1
What is the hundreds digit of 52866?
8
What is the hundreds digit of 371057?
0
What is the hundreds digit of 522797?
7
What is the tens digit of 387979?
7
What is the units digit of 441041?
1
What is the hundreds digit of 1252010?
0
What is the units digit of 323008?
8
What is the hundreds digit of 103812?
8
What is the units digit of 198258?
8
What is the hundred thousands digit of 20749326?
7
What is the tens digit of 30510254?
5
What is the hundreds digit of 7013?
0
What is the tens digit of 2902713?
1
What is the hundred thousands digit of 115002?
1
What is the thousands digit of 247446?
7
What is the ten millions digit of 17697860?
1
What is the thousands digit of 113513?
3
What is the tens digit of 28672208?
0
What is the hundred thousands digit of 19989106?
9
What is the hundreds digit of 1114798?
7
What is the units digit of 9849097?
7
What is the thousands digit of 1357069?
7
What is the hundred thousands digit of 2580849?
5
What is the tens digit of 1958947?
4
What is the units digit of 108962?
2
What is the thousands digit of 201845?
1
What is the thousands digit of 2306498?
6
What is the hundreds digit of 401589?
5
What is the hundred thousands digit of 210732?
2
What is the ten millions digit of 21666160?
2
What is the thousands digit of 8712483?
2
What is the units digit of 1328399?
9
What is the tens digit of 3700139?
3
What is the hundred thousands digit of 4640219?
6
What is the units digit of 13999363?
3
What is the units digit of 2515522?
2
What is the hundred thousands digit of 2365485?
3
What is the ten thousands digit of 518399?
1
What is the thousands digit of 1103993?
3
What is the thousands digit of 25515?
5
What is the millions digit of 4117046?
4
What is the units digit of 143699?
9
What is the tens digit of 651110?
1
What is the hundred thousands digit of 9752150?
7
What is the hundred thousands digit of 259757?
2
What is the millions digit of 34452405?
4
What is the units digit of 2586440?
0
What is the tens digit of 214055?
5
What is the hundreds digit of 893137?
1
What is the millions digit of 5656261?
5
What is the hundred thousands digit of 346939?
3
What is the thousands digit of 5621?
5
What is the units digit of 752923?
3
What is the units digit of 836845?
5
What is the hundreds digit of 3063509?
5
What is the hundred thousands digit of 338029?
3
What is the ten thousands digit of 1359210?
5
What is the units digit of 29850?
0
What is the hundred thousands digit of 4438404?
4
What is the millions digit of 10839906?
0
What is the hundred thousands digit of 254255?
2
What is the tens digit of 959001?
0
What is the units digit of 646520?
0
What is the hundred thousands digit of 17862064?
8
What is the hundreds digit of 59580?
5
What is the thousands digit of 22023919?
3
What is the thousands digit of 37938?
7
What is the thousands digit of 11598897?
8
What is the units digit of 22137329?
9
What is the units digit of 64489?
9
What is the millions digit of 1390243?
1
What is the units digit of 609326?
6
What is the ten thousands digit of 465385?
6
What is the hundreds digit of 2271510?
5
What is the ten thousands digit of 278531?
7
What is the thousands digit of 1232529?
2
What is the tens digit of 1409140?
4
What is the units digit of 4774619?
9
What is the units digit of 71318?
8
What is the ten millions digit of 17631695?
1
What is the ten thousands digit of 234491?
3
What is the tens digit of 383883?
8
What is the units digit of 4209387?
7
What is the ten thousands digit of 226938?
2
What is the thousands digit of 24840160?
0
What is the hundred thousands digit of 3545151?
5
What is the hundred thousands digit of 308921?
3
What is the thousands digit of 3936670?
6
What is the units digit of 751498?
8
What is the thousands digit of 37701?
7
What is the units digit of 9621075?
5
What is the hundreds digit of 1907109?
1
What is the hundreds digit of 1727505?
5
What is the units digit of 4405504?
4
What is the hundreds digit of 12723326?
3
What is the hundreds digit of 1839861?
8
What is the tens digit of 570895?
9
What is the units digit of 330897?
7
What is the thousands digit of 104087?
4
What is the thousands digit of 19881999?
1
What is the tens digit of 937366?
6
What is the hundreds digit of 47290?
2
What is the hundreds digit of 246916?
9
What is the 